{"id":9,"date":"2025-04-25T10:40:09","date_gmt":"2025-04-25T10:40:09","guid":{"rendered":"https:\/\/www.ilogita.lt\/?page_id=9"},"modified":"2025-04-25T19:21:47","modified_gmt":"2025-04-25T19:21:47","slug":"paslaugos","status":"publish","type":"page","link":"https:\/\/www.ilogita.lt\/index.php\/paslaugos\/","title":{"rendered":"Paslaugos"},"content":{"rendered":"\n<div class=\"wp-block-cover alignfull is-light\" style=\"padding-top:2%;min-height:30rem;aspect-ratio:unset;\"><img decoding=\"async\" class=\"wp-block-cover__image-background wp-image-3037\" alt=\"\" src=\"https:\/\/tyler.com\/wp-content\/uploads\/2023\/11\/island-services-banner.jpg\" style=\"object-position:50% 80%\" data-object-fit=\"cover\" data-object-position=\"50% 80%\"\/><span aria-hidden=\"true\" class=\"wp-block-cover__background has-background-dim-0 has-background-dim\"><\/span><div class=\"wp-block-cover__inner-container has-global-padding is-layout-constrained wp-container-core-cover-is-layout-ee51f2d2 wp-block-cover-is-layout-constrained\">\n<div class=\"wp-block-group alignwide is-vertical is-content-justification-center is-layout-flex wp-container-core-group-is-layout-5e763914 wp-block-group-is-layout-flex\" style=\"min-height:8rem\">\n<div class=\"wp-block-group has-global-padding is-layout-constrained wp-container-core-group-is-layout-bea02a06 wp-block-group-is-layout-constrained\">\n<h2 class=\"wp-block-heading has-text-align-center has-text-color\" style=\"color:#07277c;margin-top:0rem;margin-bottom:1.01rem;font-size:clamp(2.071rem, 2.071rem + ((1vw - 0.2rem) * 2.98), 3.71rem);font-style:normal;font-weight:400;line-height:1;text-transform:capitalize\">M\u016bs\u0173 Paslaugos<\/h2>\n<\/div>\n<\/div>\n<\/div><\/div>\n\n\n\n<section class=\"wp-block-group alignfull has-text-color has-global-padding is-layout-constrained wp-container-core-group-is-layout-4252d6ba wp-block-group-is-layout-constrained\" style=\"color:#03081e;margin-top:0px;padding-top:6.51rem;padding-right:1rem;padding-bottom:5.5rem;padding-left:1rem;font-size:clamp(0.875rem, 0.875rem + ((1vw - 0.2rem) * 0.464), 1.13rem);font-style:normal;font-weight:400;line-height:1.4\">\n<div class=\"wp-block-columns is-layout-flex wp-container-core-columns-is-layout-db2df21c wp-block-columns-is-layout-flex\" style=\"margin-bottom:0px\">\n<div class=\"wp-block-column has-global-padding is-content-justification-left is-layout-constrained wp-container-core-column-is-layout-12dd3699 wp-block-column-is-layout-constrained\" style=\"flex-basis:50%\">\n<figure class=\"wp-block-image aligncenter size-full is-resized\"><img loading=\"lazy\" decoding=\"async\" width=\"1400\" height=\"933\" src=\"https:\/\/www.ilogita.lt\/wp-content\/uploads\/2025\/04\/hp-laserjet-enterprise-colour-m577-4.jpg\" alt=\"\" class=\"wp-image-29\" style=\"width:520px\" srcset=\"https:\/\/www.ilogita.lt\/wp-content\/uploads\/2025\/04\/hp-laserjet-enterprise-colour-m577-4.jpg 1400w, https:\/\/www.ilogita.lt\/wp-content\/uploads\/2025\/04\/hp-laserjet-enterprise-colour-m577-4-300x200.jpg 300w, https:\/\/www.ilogita.lt\/wp-content\/uploads\/2025\/04\/hp-laserjet-enterprise-colour-m577-4-1024x682.jpg 1024w, https:\/\/www.ilogita.lt\/wp-content\/uploads\/2025\/04\/hp-laserjet-enterprise-colour-m577-4-768x512.jpg 768w\" sizes=\"auto, (max-width: 1400px) 100vw, 1400px\" \/><\/figure>\n<\/div>\n\n\n\n<div class=\"wp-block-column is-layout-flow wp-block-column-is-layout-flow\">\n<div class=\"wp-block-group is-vertical is-content-justification-left is-layout-flex wp-container-core-group-is-layout-c5d44cae wp-block-group-is-layout-flex\" style=\"min-height:100%\">\n<div class=\"wp-block-group has-global-padding is-content-justification-center is-layout-constrained wp-container-core-group-is-layout-b15c80d6 wp-block-group-is-layout-constrained\">\n<h3 class=\"wp-block-heading has-text-align-left has-text-color\" style=\"color:#07277c;margin-top:0.5rem;margin-bottom:1.01rem;font-size:clamp(1.044rem, 1.044rem + ((1vw - 0.2rem) * 1.029), 1.61rem);font-style:normal;font-weight:500;letter-spacing:0px;line-height:1.3;text-transform:capitalize\">Spausdintuv\u0173 Pardavimas<\/h3>\n\n\n\n<p class=\"has-text-align-left has-text-color\" style=\"color:#03081e;margin-top:0rem;font-size:clamp(0.875rem, 0.875rem + ((1vw - 0.2rem) * 0.245), 1.01rem);font-style:normal;font-weight:400;line-height:1.6\">M\u016bs\u0173 spausdintuvai yra patikimi ir efektyv\u016bs. Si\u016blome plat\u0173 pasirinkim\u0105 nuo nam\u0173 iki verslo modeli\u0173. Kiekvienas spausdintuvas yra kruop\u0161\u010diai atrinktas, kad atitikt\u0173 j\u016bs\u0173 poreikius. M\u016bs\u0173 ekspertai pad\u0117s jums rasti geriausi\u0105 variant\u0105, kuris u\u017etikrins auk\u0161t\u0105 spausdinimo kokyb\u0119 ir ilgaam\u017ei\u0161kum\u0105. Pasitik\u0117kite mumis!<\/p>\n<\/div>\n<\/div>\n<\/div>\n<\/div>\n<\/section>\n\n\n\n<section class=\"wp-block-group alignfull has-text-color has-global-padding is-layout-constrained wp-container-core-group-is-layout-b691706e wp-block-group-is-layout-constrained\" style=\"color:#03081e;margin-top:0px;padding-top:4.01rem;padding-right:1rem;padding-bottom:5.5rem;padding-left:1rem;font-size:clamp(0.875rem, 0.875rem + ((1vw - 0.2rem) * 0.464), 1.13rem);font-style:normal;font-weight:400;line-height:1.4\">\n<div class=\"wp-block-columns is-layout-flex wp-container-core-columns-is-layout-db2df21c wp-block-columns-is-layout-flex\" style=\"margin-bottom:0px\">\n<div class=\"wp-block-column is-layout-flow wp-block-column-is-layout-flow\">\n<div class=\"wp-block-group is-vertical is-content-justification-left is-layout-flex wp-container-core-group-is-layout-c5d44cae wp-block-group-is-layout-flex\" style=\"min-height:100%\">\n<div class=\"wp-block-group has-global-padding is-content-justification-center is-layout-constrained wp-container-core-group-is-layout-b15c80d6 wp-block-group-is-layout-constrained\">\n<h3 class=\"wp-block-heading has-text-align-left has-text-color\" style=\"color:#07277c;margin-top:0.5rem;margin-bottom:1.01rem;font-size:clamp(1.044rem, 1.044rem + ((1vw - 0.2rem) * 1.029), 1.61rem);font-style:normal;font-weight:500;letter-spacing:0px;line-height:1.3;text-transform:capitalize\">Kompiuteri\u0173 Pardavimas<\/h3>\n\n\n\n<p class=\"has-text-align-left has-text-color\" style=\"color:#03081e;margin-top:0rem;font-size:clamp(0.875rem, 0.875rem + ((1vw - 0.2rem) * 0.245), 1.01rem);font-style:normal;font-weight:400;line-height:1.6\">M\u016bs\u0173 kompiuteriai yra sukurti dirbti efektyviai ir patikimai. Si\u016blome naujausius modelius tiek namams, tiek verslui. Kiekvienas kompiuteris yra pritaikytas pagal j\u016bs\u0173 poreikius, kad gal\u0117tum\u0117te dirbti be joki\u0173 trikd\u017ei\u0173. M\u016bs\u0173 profesionalai pad\u0117s jums pasirinkti geriausi\u0105 sprendim\u0105, kad pasiektum\u0117te savo tikslus!<\/p>\n<\/div>\n<\/div>\n<\/div>\n\n\n\n<div class=\"wp-block-column has-global-padding is-content-justification-left is-layout-constrained wp-container-core-column-is-layout-12dd3699 wp-block-column-is-layout-constrained\" style=\"flex-basis:50%\">\n<figure class=\"wp-block-image aligncenter size-full is-resized\"><img loading=\"lazy\" decoding=\"async\" width=\"300\" height=\"254\" src=\"https:\/\/www.ilogita.lt\/wp-content\/uploads\/2025\/04\/613f73ZCAL._AC_SX300_SY300_-1.jpg\" alt=\"\" class=\"wp-image-36\" style=\"width:520px\"\/><\/figure>\n<\/div>\n<\/div>\n<\/section>\n\n\n\n<section class=\"wp-block-group alignfull has-text-color has-global-padding is-layout-constrained wp-container-core-group-is-layout-b691706e wp-block-group-is-layout-constrained\" style=\"color:#03081e;margin-top:0px;padding-top:4.01rem;padding-right:1rem;padding-bottom:5.5rem;padding-left:1rem;font-size:clamp(0.875rem, 0.875rem + ((1vw - 0.2rem) * 0.464), 1.13rem);font-style:normal;font-weight:400;line-height:1.4\">\n<div class=\"wp-block-columns is-layout-flex wp-container-core-columns-is-layout-db2df21c wp-block-columns-is-layout-flex\" style=\"margin-bottom:0px\">\n<div class=\"wp-block-column has-global-padding is-content-justification-left is-layout-constrained wp-container-core-column-is-layout-12dd3699 wp-block-column-is-layout-constrained\" style=\"flex-basis:50%\">\n<figure class=\"wp-block-image aligncenter size-full is-resized\"><img loading=\"lazy\" decoding=\"async\" width=\"1441\" height=\"2560\" src=\"https:\/\/www.ilogita.lt\/wp-content\/uploads\/2025\/04\/clint-bustrillos-K7OUs6y_cm8-unsplash-scaled.jpg\" alt=\"\" class=\"wp-image-60\" style=\"width:390px;height:auto\" srcset=\"https:\/\/www.ilogita.lt\/wp-content\/uploads\/2025\/04\/clint-bustrillos-K7OUs6y_cm8-unsplash-scaled.jpg 1441w, https:\/\/www.ilogita.lt\/wp-content\/uploads\/2025\/04\/clint-bustrillos-K7OUs6y_cm8-unsplash-169x300.jpg 169w, https:\/\/www.ilogita.lt\/wp-content\/uploads\/2025\/04\/clint-bustrillos-K7OUs6y_cm8-unsplash-576x1024.jpg 576w, https:\/\/www.ilogita.lt\/wp-content\/uploads\/2025\/04\/clint-bustrillos-K7OUs6y_cm8-unsplash-768x1365.jpg 768w, https:\/\/www.ilogita.lt\/wp-content\/uploads\/2025\/04\/clint-bustrillos-K7OUs6y_cm8-unsplash-864x1536.jpg 864w, https:\/\/www.ilogita.lt\/wp-content\/uploads\/2025\/04\/clint-bustrillos-K7OUs6y_cm8-unsplash-1152x2048.jpg 1152w\" sizes=\"auto, (max-width: 1441px) 100vw, 1441px\" \/><\/figure>\n<\/div>\n\n\n\n<div class=\"wp-block-column is-layout-flow wp-block-column-is-layout-flow\">\n<div class=\"wp-block-group is-vertical is-content-justification-left is-layout-flex wp-container-core-group-is-layout-c5d44cae wp-block-group-is-layout-flex\" style=\"min-height:100%\">\n<div class=\"wp-block-group has-global-padding is-content-justification-center is-layout-constrained wp-container-core-group-is-layout-b15c80d6 wp-block-group-is-layout-constrained\">\n<h3 class=\"wp-block-heading has-text-align-left has-text-color\" style=\"color:#07277c;margin-top:0.5rem;margin-bottom:1.01rem;font-size:clamp(1.044rem, 1.044rem + ((1vw - 0.2rem) * 1.029), 1.61rem);font-style:normal;font-weight:500;letter-spacing:0px;line-height:1.3;text-transform:capitalize\">Remontas ir Aptarnavimas<\/h3>\n\n\n\n<p class=\"has-text-align-left has-text-color\" style=\"color:#03081e;margin-top:0rem;font-size:clamp(0.875rem, 0.875rem + ((1vw - 0.2rem) * 0.245), 1.01rem);font-style:normal;font-weight:400;line-height:1.6\">M\u016bs\u0173 remonto ir aptarnavimo paslaugos u\u017etikrina, kad j\u016bs\u0173 spausdintuvai ir kompiuteriai veikt\u0173 be priekai\u0161t\u0173. Turime daugiau nei 20 met\u0173 patirties, tod\u0117l \u017einome, kaip greitai ir efektyviai i\u0161spr\u0119sti problemas. Pasitik\u0117kite m\u016bs\u0173 komanda, kad gal\u0117tum\u0117te v\u0117l m\u0117gautis skland\u017eiu darbu. J\u016bs\u0173 pasitenkinimas \u2013 m\u016bs\u0173 prioritetas!<\/p>\n<\/div>\n<\/div>\n<\/div>\n<\/div>\n<\/section>\n\n\n\n<section class=\"wp-block-cover alignfull is-light\" style=\"margin-top:0px;padding-bottom:13.51rem;min-height:620px;aspect-ratio:unset;\"><img loading=\"lazy\" decoding=\"async\" width=\"1024\" height=\"682\" class=\"wp-block-cover__image-background wp-image-46 size-large\" alt=\"\" src=\"https:\/\/www.ilogita.lt\/wp-content\/uploads\/2025\/04\/contact-us-4193401_1280-1024x682.jpg\" data-object-fit=\"cover\" srcset=\"https:\/\/www.ilogita.lt\/wp-content\/uploads\/2025\/04\/contact-us-4193401_1280-1024x682.jpg 1024w, https:\/\/www.ilogita.lt\/wp-content\/uploads\/2025\/04\/contact-us-4193401_1280-300x200.jpg 300w, https:\/\/www.ilogita.lt\/wp-content\/uploads\/2025\/04\/contact-us-4193401_1280-768x512.jpg 768w, https:\/\/www.ilogita.lt\/wp-content\/uploads\/2025\/04\/contact-us-4193401_1280.jpg 1280w\" sizes=\"auto, (max-width: 1024px) 100vw, 1024px\" \/><span aria-hidden=\"true\" class=\"wp-block-cover__background has-background-dim-0 has-background-dim\" style=\"background-color:#e5e2e3\"><\/span><div class=\"wp-block-cover__inner-container has-global-padding is-layout-constrained wp-container-core-cover-is-layout-14880c13 wp-block-cover-is-layout-constrained\">\n<div class=\"wp-block-group alignfull has-text-color has-global-padding is-layout-constrained wp-container-core-group-is-layout-6f61d7e7 wp-block-group-is-layout-constrained\" style=\"color:#252525;margin-top:0px;padding-top:0rem;padding-right:1rem;padding-bottom:0rem;padding-left:1rem;font-size:clamp(0.875rem, 0.875rem + ((1vw - 0.2rem) * 0.464), 1.13rem);font-style:normal;font-weight:400;line-height:1.4\">\n<div class=\"wp-block-group is-vertical is-content-justification-center is-layout-flex wp-container-core-group-is-layout-b6c1f246 wp-block-group-is-layout-flex\">\n<div class=\"wp-block-group has-global-padding is-layout-constrained wp-container-core-group-is-layout-a099c240 wp-block-group-is-layout-constrained\">\n<h2 class=\"wp-block-heading has-text-align-center has-text-color\" style=\"color:#07277c;margin-bottom:1.11rem;font-size:clamp(1.556rem, 1.556rem + ((1vw - 0.2rem) * 1.916), 2.61rem);font-style:normal;font-weight:500;line-height:1.2;text-transform:capitalize\">Susisiekite Su Mumis<\/h2>\n\n\n\n<p class=\"has-text-align-center has-text-color\" style=\"color:#03081e;margin-top:0rem;font-size:clamp(0.875rem, 0.875rem + ((1vw - 0.2rem) * 0.427), 1.11rem);font-style:normal;font-weight:400;line-height:1.6\">Turite klausim\u0173? Susisiekite su mumis ir gaukite profesionali\u0105 pagalb\u0105 i\u0161 karto!<\/p>\n\n\n\n<div class=\"wp-block-group is-vertical is-content-justification-stretch is-layout-flex wp-container-core-group-is-layout-be82aac6 wp-block-group-is-layout-flex\" style=\"margin-top:0rem;padding-right:0px;padding-left:0px\">\n<div class=\"wp-block-group has-global-padding is-content-justification-center is-layout-constrained wp-container-core-group-is-layout-0638dde4 wp-block-group-is-layout-constrained\" style=\"margin-top:0px\">\n<div class=\"wp-block-buttons is-horizontal is-content-justification-right is-layout-flex wp-container-core-buttons-is-layout-1b0e492f wp-block-buttons-is-layout-flex\" style=\"margin-top:2.21rem\">\n<div class=\"wp-block-button has-custom-width wp-block-button__width-100 is-style-fill\"><a class=\"wp-block-button__link has-text-color has-background has-border-color has-custom-font-size wp-element-button\" href=\"https:\/\/www.ilogita.lt\/index.php\/kontaktai\/\" style=\"border-color:#041d55;border-style:solid;border-width:1px;border-radius:2.5rem;color:#07277c;background-color:#ffffff;padding-top:1.1rem;padding-right:0.81rem;padding-bottom:1.1rem;padding-left:0.81rem;font-size:clamp(0.875rem, 0.875rem + ((1vw - 0.2rem) * 0.609), 1.21rem);font-style:normal;font-weight:400;line-height:1;text-transform:capitalize\">Kontaktai Dabar!<\/a><\/div>\n<\/div>\n<\/div>\n<\/div>\n<\/div>\n<\/div>\n<\/div>\n<\/div><\/section>\n","protected":false},"excerpt":{"rendered":"<p>Spausdintuv\u0173 Pardavimas M\u016bs\u0173 spausdintuvai yra patikimi ir efektyv\u016bs. Si\u016blome plat\u0173 pasirinkim\u0105 nuo nam\u0173 iki verslo modeli\u0173. Kiekvienas spausdintuvas yra kruop\u0161\u010diai atrinktas, kad atitikt\u0173 j\u016bs\u0173 poreikius. M\u016bs\u0173 ekspertai pad\u0117s jums rasti geriausi\u0105 variant\u0105, kuris u\u017etikrins auk\u0161t\u0105 spausdinimo kokyb\u0119 ir ilgaam\u017ei\u0161kum\u0105. Pasitik\u0117kite mumis! Kompiuteri\u0173 Pardavimas M\u016bs\u0173 kompiuteriai yra sukurti dirbti efektyviai ir patikimai. Si\u016blome naujausius modelius tiek [&hellip;]<\/p>\n","protected":false},"author":1,"featured_media":0,"parent":0,"menu_order":0,"comment_status":"closed","ping_status":"closed","template":"","meta":{"footnotes":""},"class_list":["post-9","page","type-page","status-publish","hentry"],"yoast_head":"<!-- This site is optimized with the Yoast SEO plugin v27.5 - https:\/\/yoast.com\/product\/yoast-seo-wordpress\/ -->\n<title>Paslaugos - IT technika<\/title>\n<meta name=\"robots\" content=\"index, follow, max-snippet:-1, max-image-preview:large, max-video-preview:-1\" \/>\n<link rel=\"canonical\" href=\"https:\/\/www.ilogita.lt\/index.php\/paslaugos\/\" \/>\n<meta property=\"og:locale\" content=\"en_US\" \/>\n<meta property=\"og:type\" content=\"article\" \/>\n<meta property=\"og:title\" content=\"Paslaugos - IT technika\" \/>\n<meta property=\"og:description\" content=\"Spausdintuv\u0173 Pardavimas M\u016bs\u0173 spausdintuvai yra patikimi ir efektyv\u016bs. Si\u016blome plat\u0173 pasirinkim\u0105 nuo nam\u0173 iki verslo modeli\u0173. Kiekvienas spausdintuvas yra kruop\u0161\u010diai atrinktas, kad atitikt\u0173 j\u016bs\u0173 poreikius. M\u016bs\u0173 ekspertai pad\u0117s jums rasti geriausi\u0105 variant\u0105, kuris u\u017etikrins auk\u0161t\u0105 spausdinimo kokyb\u0119 ir ilgaam\u017ei\u0161kum\u0105. Pasitik\u0117kite mumis! Kompiuteri\u0173 Pardavimas M\u016bs\u0173 kompiuteriai yra sukurti dirbti efektyviai ir patikimai. Si\u016blome naujausius modelius tiek [&hellip;]\" \/>\n<meta property=\"og:url\" content=\"https:\/\/www.ilogita.lt\/index.php\/paslaugos\/\" \/>\n<meta property=\"og:site_name\" content=\"IT technika\" \/>\n<meta property=\"article:modified_time\" content=\"2025-04-25T19:21:47+00:00\" \/>\n<meta property=\"og:image\" content=\"https:\/\/tyler.com\/wp-content\/uploads\/2023\/11\/island-services-banner.jpg\" \/>\n<meta name=\"twitter:card\" content=\"summary_large_image\" \/>\n<meta name=\"twitter:label1\" content=\"Est. reading time\" \/>\n\t<meta name=\"twitter:data1\" content=\"1 minute\" \/>\n<script type=\"application\/ld+json\" class=\"yoast-schema-graph\">{\"@context\":\"https:\\\/\\\/schema.org\",\"@graph\":[{\"@type\":\"WebPage\",\"@id\":\"https:\\\/\\\/www.ilogita.lt\\\/index.php\\\/paslaugos\\\/\",\"url\":\"https:\\\/\\\/www.ilogita.lt\\\/index.php\\\/paslaugos\\\/\",\"name\":\"Paslaugos - IT technika\",\"isPartOf\":{\"@id\":\"https:\\\/\\\/www.ilogita.lt\\\/#website\"},\"primaryImageOfPage\":{\"@id\":\"https:\\\/\\\/www.ilogita.lt\\\/index.php\\\/paslaugos\\\/#primaryimage\"},\"image\":{\"@id\":\"https:\\\/\\\/www.ilogita.lt\\\/index.php\\\/paslaugos\\\/#primaryimage\"},\"thumbnailUrl\":\"https:\\\/\\\/tyler.com\\\/wp-content\\\/uploads\\\/2023\\\/11\\\/island-services-banner.jpg\",\"datePublished\":\"2025-04-25T10:40:09+00:00\",\"dateModified\":\"2025-04-25T19:21:47+00:00\",\"breadcrumb\":{\"@id\":\"https:\\\/\\\/www.ilogita.lt\\\/index.php\\\/paslaugos\\\/#breadcrumb\"},\"inLanguage\":\"en\",\"potentialAction\":[{\"@type\":\"ReadAction\",\"target\":[\"https:\\\/\\\/www.ilogita.lt\\\/index.php\\\/paslaugos\\\/\"]}]},{\"@type\":\"ImageObject\",\"inLanguage\":\"en\",\"@id\":\"https:\\\/\\\/www.ilogita.lt\\\/index.php\\\/paslaugos\\\/#primaryimage\",\"url\":\"https:\\\/\\\/tyler.com\\\/wp-content\\\/uploads\\\/2023\\\/11\\\/island-services-banner.jpg\",\"contentUrl\":\"https:\\\/\\\/tyler.com\\\/wp-content\\\/uploads\\\/2023\\\/11\\\/island-services-banner.jpg\"},{\"@type\":\"BreadcrumbList\",\"@id\":\"https:\\\/\\\/www.ilogita.lt\\\/index.php\\\/paslaugos\\\/#breadcrumb\",\"itemListElement\":[{\"@type\":\"ListItem\",\"position\":1,\"name\":\"Home\",\"item\":\"https:\\\/\\\/www.ilogita.lt\\\/\"},{\"@type\":\"ListItem\",\"position\":2,\"name\":\"Paslaugos\"}]},{\"@type\":\"WebSite\",\"@id\":\"https:\\\/\\\/www.ilogita.lt\\\/#website\",\"url\":\"https:\\\/\\\/www.ilogita.lt\\\/\",\"name\":\"IT technika\",\"description\":\"Spausdintuvai ir kompiuteriai\",\"publisher\":{\"@id\":\"https:\\\/\\\/www.ilogita.lt\\\/#organization\"},\"potentialAction\":[{\"@type\":\"SearchAction\",\"target\":{\"@type\":\"EntryPoint\",\"urlTemplate\":\"https:\\\/\\\/www.ilogita.lt\\\/?s={search_term_string}\"},\"query-input\":{\"@type\":\"PropertyValueSpecification\",\"valueRequired\":true,\"valueName\":\"search_term_string\"}}],\"inLanguage\":\"en\"},{\"@type\":\"Organization\",\"@id\":\"https:\\\/\\\/www.ilogita.lt\\\/#organization\",\"name\":\"IT technika\",\"url\":\"https:\\\/\\\/www.ilogita.lt\\\/\",\"logo\":{\"@type\":\"ImageObject\",\"inLanguage\":\"en\",\"@id\":\"https:\\\/\\\/www.ilogita.lt\\\/#\\\/schema\\\/logo\\\/image\\\/\",\"url\":\"https:\\\/\\\/www.ilogita.lt\\\/wp-content\\\/uploads\\\/2025\\\/06\\\/oYsePB9RV8lH2DM4.png\",\"contentUrl\":\"https:\\\/\\\/www.ilogita.lt\\\/wp-content\\\/uploads\\\/2025\\\/06\\\/oYsePB9RV8lH2DM4.png\",\"width\":633,\"height\":282,\"caption\":\"IT technika\"},\"image\":{\"@id\":\"https:\\\/\\\/www.ilogita.lt\\\/#\\\/schema\\\/logo\\\/image\\\/\"}}]}<\/script>\n<!-- \/ Yoast SEO plugin. -->","yoast_head_json":{"title":"Paslaugos - IT technika","robots":{"index":"index","follow":"follow","max-snippet":"max-snippet:-1","max-image-preview":"max-image-preview:large","max-video-preview":"max-video-preview:-1"},"canonical":"https:\/\/www.ilogita.lt\/index.php\/paslaugos\/","og_locale":"en_US","og_type":"article","og_title":"Paslaugos - IT technika","og_description":"Spausdintuv\u0173 Pardavimas M\u016bs\u0173 spausdintuvai yra patikimi ir efektyv\u016bs. Si\u016blome plat\u0173 pasirinkim\u0105 nuo nam\u0173 iki verslo modeli\u0173. Kiekvienas spausdintuvas yra kruop\u0161\u010diai atrinktas, kad atitikt\u0173 j\u016bs\u0173 poreikius. M\u016bs\u0173 ekspertai pad\u0117s jums rasti geriausi\u0105 variant\u0105, kuris u\u017etikrins auk\u0161t\u0105 spausdinimo kokyb\u0119 ir ilgaam\u017ei\u0161kum\u0105. Pasitik\u0117kite mumis! Kompiuteri\u0173 Pardavimas M\u016bs\u0173 kompiuteriai yra sukurti dirbti efektyviai ir patikimai. Si\u016blome naujausius modelius tiek [&hellip;]","og_url":"https:\/\/www.ilogita.lt\/index.php\/paslaugos\/","og_site_name":"IT technika","article_modified_time":"2025-04-25T19:21:47+00:00","og_image":[{"url":"https:\/\/tyler.com\/wp-content\/uploads\/2023\/11\/island-services-banner.jpg","type":"","width":"","height":""}],"twitter_card":"summary_large_image","twitter_misc":{"Est. reading time":"1 minute"},"schema":{"@context":"https:\/\/schema.org","@graph":[{"@type":"WebPage","@id":"https:\/\/www.ilogita.lt\/index.php\/paslaugos\/","url":"https:\/\/www.ilogita.lt\/index.php\/paslaugos\/","name":"Paslaugos - IT technika","isPartOf":{"@id":"https:\/\/www.ilogita.lt\/#website"},"primaryImageOfPage":{"@id":"https:\/\/www.ilogita.lt\/index.php\/paslaugos\/#primaryimage"},"image":{"@id":"https:\/\/www.ilogita.lt\/index.php\/paslaugos\/#primaryimage"},"thumbnailUrl":"https:\/\/tyler.com\/wp-content\/uploads\/2023\/11\/island-services-banner.jpg","datePublished":"2025-04-25T10:40:09+00:00","dateModified":"2025-04-25T19:21:47+00:00","breadcrumb":{"@id":"https:\/\/www.ilogita.lt\/index.php\/paslaugos\/#breadcrumb"},"inLanguage":"en","potentialAction":[{"@type":"ReadAction","target":["https:\/\/www.ilogita.lt\/index.php\/paslaugos\/"]}]},{"@type":"ImageObject","inLanguage":"en","@id":"https:\/\/www.ilogita.lt\/index.php\/paslaugos\/#primaryimage","url":"https:\/\/tyler.com\/wp-content\/uploads\/2023\/11\/island-services-banner.jpg","contentUrl":"https:\/\/tyler.com\/wp-content\/uploads\/2023\/11\/island-services-banner.jpg"},{"@type":"BreadcrumbList","@id":"https:\/\/www.ilogita.lt\/index.php\/paslaugos\/#breadcrumb","itemListElement":[{"@type":"ListItem","position":1,"name":"Home","item":"https:\/\/www.ilogita.lt\/"},{"@type":"ListItem","position":2,"name":"Paslaugos"}]},{"@type":"WebSite","@id":"https:\/\/www.ilogita.lt\/#website","url":"https:\/\/www.ilogita.lt\/","name":"IT technika","description":"Spausdintuvai ir kompiuteriai","publisher":{"@id":"https:\/\/www.ilogita.lt\/#organization"},"potentialAction":[{"@type":"SearchAction","target":{"@type":"EntryPoint","urlTemplate":"https:\/\/www.ilogita.lt\/?s={search_term_string}"},"query-input":{"@type":"PropertyValueSpecification","valueRequired":true,"valueName":"search_term_string"}}],"inLanguage":"en"},{"@type":"Organization","@id":"https:\/\/www.ilogita.lt\/#organization","name":"IT technika","url":"https:\/\/www.ilogita.lt\/","logo":{"@type":"ImageObject","inLanguage":"en","@id":"https:\/\/www.ilogita.lt\/#\/schema\/logo\/image\/","url":"https:\/\/www.ilogita.lt\/wp-content\/uploads\/2025\/06\/oYsePB9RV8lH2DM4.png","contentUrl":"https:\/\/www.ilogita.lt\/wp-content\/uploads\/2025\/06\/oYsePB9RV8lH2DM4.png","width":633,"height":282,"caption":"IT technika"},"image":{"@id":"https:\/\/www.ilogita.lt\/#\/schema\/logo\/image\/"}}]}},"_links":{"self":[{"href":"https:\/\/www.ilogita.lt\/index.php\/wp-json\/wp\/v2\/pages\/9","targetHints":{"allow":["GET"]}}],"collection":[{"href":"https:\/\/www.ilogita.lt\/index.php\/wp-json\/wp\/v2\/pages"}],"about":[{"href":"https:\/\/www.ilogita.lt\/index.php\/wp-json\/wp\/v2\/types\/page"}],"author":[{"embeddable":true,"href":"https:\/\/www.ilogita.lt\/index.php\/wp-json\/wp\/v2\/users\/1"}],"replies":[{"embeddable":true,"href":"https:\/\/www.ilogita.lt\/index.php\/wp-json\/wp\/v2\/comments?post=9"}],"version-history":[{"count":10,"href":"https:\/\/www.ilogita.lt\/index.php\/wp-json\/wp\/v2\/pages\/9\/revisions"}],"predecessor-version":[{"id":62,"href":"https:\/\/www.ilogita.lt\/index.php\/wp-json\/wp\/v2\/pages\/9\/revisions\/62"}],"wp:attachment":[{"href":"https:\/\/www.ilogita.lt\/index.php\/wp-json\/wp\/v2\/media?parent=9"}],"curies":[{"name":"wp","href":"https:\/\/api.w.org\/{rel}","templated":true}]}}